= p**3 - 5*p**2 - 2*p - 1. Determine s(m).
-25
Let t be (-1 - -4 - 3) + 0. Let d(w) = w**3 - w**2 - w + 5. Determine d(t).
5
Let o(q) = 2*q**3 + 2*q**2 - 2*q + 1. Suppose 7*x - 3 = 4*x. Suppose -4*l + 2*z = -4, 4*l + x - 5 = -2*z. Give o(l).
3
Let w = 345 + -346. Let k(v) = 2*v - v**2 + 1 + 4*v + 7*v**3 - 5*v. What is k(w)?
-8
Let t be (-6)/(-48) - (-1)/(-8). Let d(r) = r - 12. What is d(t)?
-12
Suppose 4*u - 16 + 4 = 0. Let v = -2 - u. Let m(k) = 9*k + 19. Let j(p) = -4*p - 9. Let o(w) = -5*j(w) - 2*m(w). Give o(v).
-3
Let f(s) be the third derivative of s**6/120 + s**5/10 + 5*s**4/24 + s**3 - s**2. Let h be (-3)/(-2) - (-26)/(-4). Give f(h).
6
Let h(m) = m - 1 + 2 + m**2 + 1. Let g(c) = -3*c - 7. Let n(v) = -2*v - 4. Let x(q) = 3*g(q) - 5*n(q). Let p be x(-1). Give h(p).
4
Let i(a) = -5*a**2 + 381*a + 0*a**2 - 380*a + 4 + 2*a**2 - a**3. Give i(-3).
1
Let k(h) = h**2 - 12*h + 2. Let t(f) = 2*f**2 - 25*f + 4. Let m(a) = 13*k(a) - 6*t(a). Determine m(6).
2
Let p(l) be the first derivative of -l**2/2 + 9*l - 1. Let c(q) = 2*q**2 + 9*q - 18. Let v be c(-6). What is p(v)?
9
Let w(z) = 2*z + 6. Let s(g) = g**3 - g**2 - g + 3. Let v be s(3). Let m = -13 + v. Suppose m*y = y - 16. Determine w(y).
-2
Let v be (-80)/(-30) - 2/3. Let z(l) be the first derivative of -5/2*l**v + 1 + l. Determine z(1).
-4
Let c(j) = -j + 10. Suppose -3*r = -6*r + 5*v + 32, 2*r = 2*v + 20. What is c(r)?
1
Let h(k) = -k**3 + 6*k**2 + 6*k + 2. Let u be h(7). Let t(s) = -s**3 - 4*s**2 + 6*s + 3. Determine t(u).
-2
Let s(j) = -j + 0*j - 3 - 2*j. Calculate s(4).
-15
Let n(v) = v**2 + 2*v - 4. Let m(k) = 3*k + 3. Let y be m(-4). Let s = 10 + -4. Let f = y + s. Determine n(f).
-1
Let w(r) be the second derivative of -r**4/6 - 5*r**3/6 - r**2 - r - 9. Determine w(-3).
-5
Let t = -3 - -4. Let n(g) = -g**2 + 3 + t - 2 + 2*g + 3*g. What is n(6)?
-4
Let k(n) = -n**2 - 6*n - 7. Let f(x) = 0*x + 0*x**3 + 3*x - 2 - 2*x**3 - 3*x**2 + x**3. Let u be f(-4). Suppose -u*j - j = 15. Determine k(j).
-2
Suppose -3*s + 5 = 2*s. Suppose 2*a - g = 4, -2*a - 3*g + 5 = s. Let q(o) = o**3 - 3*o**2 + 4*o - 2. Determine q(a).
2
Let q(v) = -8*v. Let i be ((-6)/(-8))/(12/32). What is q(i)?
-16
Let d(v) = -v - 11. Let o be (0 - 1) + (-5)/1. Calculate d(o).
-5
Let p(i) = 1. Let y(s) = -9*s - 5. Let h(f) = -13*f - 7. Let b(v) = 5*h(v) - 7*y(v). Let z be (-22)/6 + (-2)/6. Let w(n) = z*p(n) - b(n). What is w(3)?
2
Suppose 0*u + 1 = -5*u - 4*q, -4*u + 8 = q. Let g(f) = 3*f + 0*f + u*f - 3*f. Determine g(1).
3
Let x(d) = 7*d - 7. Let w(j) = -3*j + 3. Let h(p) = -9*w(p) - 4*x(p). Determine h(-3).
4
Let y be (-10)/(-15) - 13/(-3). Let q(x) = 2*x + 2*x - y*x - 1 + 0. What is q(-2)?
1
Let m(c) = -c**3 - c - 1. Let v(n) = 8*n + 2*n**3 - 4*n**3 + 10 - 6*n**2 + 8*n**3. Let s(h) = -5*m(h) - v(h). Calculate s(5).
5
Let f be ((-8)/(-6))/((-2)/(-15)). Let i = -6 + f. Let d(j) = 3*j**3 - j**2 - 2*j + 6. Let t(b) = b**3 + b**2 + b. Let s(z) = d(z) - 2*t(z). What is s(i)?
6
Let p(z) be the third derivative of z**5/30 - z**4/6 - 5*z**3/6 + 4*z**2. Determine p(4).
11
Let g(a) be the second derivative of a**3 - 6*a + a**2 + 1/6*a**4 + 0. Calculate g(-4).
10
Let u(h) = -h + 9. Let a be 2/(-3) + (-172)/12. Let g = 21 + a. Determine u(g).
3
Let t(v) = -v - 1. Let w be 1/(-2) + 14/4. Suppose -14 - 27 = -3*l + c, -w*l - 4*c = -31. Suppose -3*a = -j - l, -j - 5*a + 2*a = -5. What is t(j)?
3
Let j(i) = -i**3 - 4*i**2 - i - 2. Suppose -o - 1 + 8 = 4*t, 17 = 4*t - o. Suppose -4*l + 2*y = 13 + 7, -l = t*y - 2. Calculate j(l).
2
Suppose 4*u + u = 0. Let j(o) = 6*o + o - 5*o - 1 + u. Calculate j(-4).
-9
Let d(z) be the second derivative of 0*z**2 + 0 - 2*z + 1/6*z**3 - 1/20*z**5 - 1/24*z**4. Let s(r) be the second derivative of d(r). Give s(1).
-7
Let m(j) = -4*j - j**3 + 1 + j**2 + 2*j**3 + 0*j**3. Suppose 2*z - 4*p = 4*z - 22, 1 = 2*z - 3*p. Suppose 4*d + 0*a = -z*a + 3, 0 = 4*d + 2*a + 6. Give m(d).
-5
Let g(a) be the third derivative of 0 - 2*a**2 + 1/30*a**5 - 2/3*a**3 + 0*a + 1/6*a**4 - 1/360*a**6. Let o(s) be the first derivative of g(s). Determine o(3).
7
Suppose -4*h - 4*g = -8, -2*g + 1 = 3*h - 3. Let d be (5 - 8)*(1 - h). Let i(j) = j**2 + 4*j. What is i(d)?
-3
Let f(h) = 14*h**2 + 12*h + 9. Suppose -4*v = -3*v + 17. Let z(r) = -5*r**2 - 4*r - 3. Let i(g) = v*z(g) - 6*f(g). What is i(3)?
-6
Let b(v) = -v**2 + 13*v + 18. Let p be b(14). Let y(n) be the second derivative of n**3/2 - 3*n**2 + n. Calculate y(p).
6
Suppose -5*p + 6 = 1. Let v be 2/(-8) + p/4. Let j(b) = -b**2 + b. Calculate j(v).
0
Let n(f) = -f**2 - 7*f + 6. Let l(x) = 3*x**2 + 15*x - 13. Let y(b) = -2*l(b) - 5*n(b). Give y(6).
-10
Suppose 3*s = -3 + 6. Let h(y) = -3*y + 4*y + 4*y - s. What is h(1)?
4
Let n(t) = -t**2 + 1. Let c(f) = -6*f**2 + 5*f + 9. Let b(x) = c(x) - 5*n(x). What is b(5)?
4
Let z(h) = h + 5. Let t be z(-4). Let q(u) = 5*u + 1. Let y be q(t). Let i(v) = 1 + y - v - 8. Calculate i(-4).
3
Let p be 22 - 2/((-6)/9). Let f be p/15 + (-4)/6. Let v(g) = 12*g**2 + g - 1. What is v(f)?
12
Let l(j) = 7*j**2 + 14*j - 10. Let n(d) = 20*d**2 + 41*d - 29. Let i(u) = -17*l(u) + 6*n(u). Let y be i(-9). Let g(a) = -a**2 + 5*a. Calculate g(y).
0
Let r be (3/(-6))/(1/14). Let o = -3 - r. Let y(n) = -2*n + 1. Determine y(o).
-7
Let p(h) = h**3 - 6*h**2 - 3*h + 12. Let w be p(6). Let i(r) = -r**3 - 5*r**2 + 5*r + 4. What is i(w)?
10
Let d be 3*(2 + 1/(-1)). Let g(t) = 6*t + 19*t**2 + d - 18*t**2 + 1. Determine g(-5).
-1
Let h(y) be the first derivative of y**2/2 - y - 2. Let g = -8 + 12. Calculate h(g).
3
Let r(g) = -4*g - 222 + 112 + 113 - 3*g**2. Calculate r(2).
-17
Let g(a) = -3*a - 25. Let q(c) = -2*c - 17. Let f(i) = 5*g(i) - 8*q(i). Give f(-6).
5
Let l(d) = -d**2 + 7*d - 10. Let w(v) = v**2 - 8*v + 10. Let h(r) = -2*l(r) - 3*w(r). Determine h(10).
-10
Suppose -2*x - 10*p = -12*p + 16, -5*x = -3*p + 34. Let o(m) = m**2 + 7*m. Give o(x).
-10
Let q(k) = -7*k**2 - 8*k + 3 + 7*k**3 + 4*k**2 - 3*k**2 - 6*k**3. What is q(7)?
-4
Let o(p) = -p - 1. Let z(f) = 3 - 2 + 1 + f. Let r(g) = 5*o(g) + 6*z(g). What is r(-6)?
1
Let y(v) = -6*v**2 + 12*v + 6. Let x(f) = 7*f**2 - 13*f - 7. Let r(d) = -5*x(d) - 6*y(d). Calculate r(7).
-1
Let m(r) = r + 3*r + 4 + 0 + 0*r. Determine m(6).
28
Let k = 7 - 5. Suppose -k*a + 1 = 4*w - 3*a, 3*w - 2*a + 3 = 0. Let x be 4*(w/1 + -2). Let o(s) = s**3 + 5*s**2 + 6*s + 3. Give o(x).
-5
Let x(b) = -4*b + 12. Suppose 3*y = y + 16. Let q(j) = j - 4. Let i(l) = y*q(l) + 3*x(l). Let r(z) = z. Let h(a) = i(a) + r(a). Calculate h(4).
-8
Let w(m) = m**3 - 5*m**2 + 5*m + 1. Let r = 14 + -17. Let g = 1 - r. Give w(g).
5
Suppose 6 - 5 = y. Suppose -y = 2*v + 7. Let c(l) = -l + 2. Give c(v).
6
Let c(j) be the first derivative of j**3/3 + j**2/2 - 4*j + 44. Determine c(4).
16
Let z(c) be the second derivative of -c**5/5 + c**4/6 + c**3/6 - c. Let r be (-2)/(-10) + 21/(-5). Let x = -5 - r. What is z(x)?
5
Let j(w) be the first derivative of w**3/3 + 5*w**2/2 - 5*w - 3. Give j(-5).
-5
Let i(h) = -6*h + 3 + h - h. Give i(3).
-15
Suppose 0*r - 10 = -2*r. Suppose -l = 4*l - r. Let h(d) = -5*d**3 - 2*d + 1. Give h(l).
-6
Let c(m) = 5 - 3*m - 2*m + 3*m. Let u be ((-48)/66)/4 - 171/(-33). Determine c(u).
-5
Suppose 6*b - 4*b = 6. Let o(y) be the second derivative of -y**4/12 + y**3/2 - y**2 - 4*y. Give o(b).
-2
Let u = 14 - 8. Let n(r) = -r**3 + 6*r**2 + r - 7. Determine n(u).
-1
Let s(d) = -d - 1. Let f be s(-4). Let t(c) = 2*c**2 + 9*c + 3*c**2 - f*c - 4*c**2 - 2. Calculate t(-5).
-7
Let t(a) = -2*a. Let y be t(1). Let g = 5 + y. Let o(i) = -i - 1. Let r(c) = -c - 1. Let b(v) = -5*o(v) + 3*r(v). What is b(g)?
8
Let d(g) = g**2 + g. Let j(u) = u**2 + 3*u - 8. Let r(y) = -2*d(y) + j(y). Determine r(0).
-8
Let o(j) = -j + 2*j - 1 + 2. Suppose 2 = 5*s + 12. Determine o(s).
-1
Let g(x) = 10*x - 5*x - x**2 - 6 + 4. Suppose 4*q - 2*t = 16, 0 = 4*q + q + 4*t + 6. Suppose 2*l + 16 = 5*j, q*j + 12 = 3*j + 4*l. Give g(j).
2
Let z = 1 + 0. Let o(l) = 7*l**2 - l**3 - 3*l + 0*l - 3*l**2 - z. Suppose -3*a + 4 = -q - 0, a - q = -2. What is o(a)?
-1
Suppose -2*j - 15 = -3*j. Let p = j - 11. Let k(d) = -d**2 + 4*d + 2. Calculate k(p).
2
Let k(q) = -q**3 + 7*q**2 - 2*q - 4. Let z(v) = -2*v**3 + 13*v**2 - 3*v - 7. Let a(p) = 5*k(p) - 3*z(p). Determine a(2).
-9
Let p(h) = -h + 2. L